 + 4*s + 19. Give y(i).
7
Suppose -h - 2*v = 6, -3*v + 8*v + 20 = 0. Let o(y) = -3*y + 3*y**h - 251 - 2*y**2 + 261 + 12*y. Give o(-7).
-4
Let s(b) = 2*b**2 - b - 6. Let q be s(0). Let x(u) be the first derivative of u**2 + 7*u - 10. Determine x(q).
-5
Let f(l) = 2*l + 4. Let n be f(0). Suppose t - 3*d = n*t - 3, 0 = 5*d - 15. Let q(j) = -3*j + 2. Calculate q(t).
8
Let a(w) be the first derivative of 5*w + 2 - 1/2*w**2. Let f be a(3). Let k(x) = x**3 - 3*x + 1. Calculate k(f).
3
Let o = 547 - 544. Let k(n) be the second derivative of n**3/6 - 2*n**2 + 2*n. Calculate k(o).
-1
Suppose -3*k + 4 = 4*r, 4*r + 34 = 3*k + 2*r. Let c(a) be the first derivative of a + 1/2*a**2 - k - 1/3*a**3. What is c(0)?
1
Let c = 8 - 12. Let d be 9*(2/(-4) + 3/2). Let y(g) = d*g**3 + 3 + 0*g**3 - 10*g**3 - 2*g - 4*g**2. Determine y(c).
11
Let c(i) = 5*i**2 + 6*i - 4. Let f(z) = 4*z**2 + 6*z - 5. Let k(m) = 3*c(m) - 4*f(m). Let n be 3*(16/(-16))/(2/4). Let x = n - 1. Give k(x).
1
Let w(z) = 15*z + 6. Let j(h) be the third derivative of -2*h**4/3 - 7*h**3/6 - 30*h**2. Let a(s) = 5*j(s) + 6*w(s). Determine a(2).
21
Let c(o) = -37*o**2 - 10 + 36*o**2 - 3*o + 15*o. What is c(10)?
10
Let x(h) be the first derivative of -h**3/3 - 5*h**2/2 - 3*h + 7. Determine x(-3).
3
Let n(y) = -y**2 + 8*y - 4. Suppose -2*x = -3*r - 22, 25 = -0*x + x - 5*r. Suppose 2*f + 42 = x*p, 4*p - 31 = -2*f + f. Give n(p).
-4
Let v(w) = w**3 + 8*w**2 - 10*w - 9. Let o be (84/(-49))/(4/(-14)). Suppose -122 = 2*f - 0*f - 4*u, -4*u + 71 = -f. Let i be (-453)/51 + o/f. Give v(i).
0
Let g(t) be the first derivative of -t**2/2 + 10*t - 121. Calculate g(6).
4
Let f(o) = 2*o**2 + 2*o - 3. Suppose -5*d = 3*d. Let i be (-24)/6 + (1 - d). Calculate f(i).
9
Let b(c) = c**2 + 10*c + 6. Let m be (-10296)/1683 + (-4)/(-34). Calculate b(m).
-18
Let k(n) = -n**3 - 10*n**2 - n - 9. Let i be k(-10). Let f = i + 2. Let s(q) = -2*q - 1 - 16*q**f + 2*q**2 + q + 17*q**3. Give s(-3).
-7
Let b(n) = -22*n**2 + 7*n - 7. Let v(t) = 81*t**2 - 27*t + 26. Let h(l) = -11*b(l) - 3*v(l). Let g = 3 - -1. What is h(g)?
-1
Let a(n) be the first derivative of -n**4/4 + 13*n**3/3 - 5*n**2 + 4*n + 364. What is a(12)?
28
Let s(w) be the second derivative of w**5/10 + w**4/3 + 5*w**3/6 + 2*w**2 + w - 86. Determine s(-2).
-6
Let p(j) = -j**3 + 3*j**2 + 4*j. Let t = 45 - 65. Let m be 0 + (-5)/(t/8). Suppose -m*v + 4*v - 2*x - 12 = 0, -3*x = -4*v + 21. Determine p(v).
12
Let x(f) = -7*f**3 + f**2 + 3*f + 5. Let c(m) = -5*m**3 + 3*m + 3. Let y(o) = -3*c(o) + 2*x(o). Determine y(-3).
1
Let r(z) = -3*z + 2991 - z**2 + 0*z**2 + 2993 - 5983 + 10*z. Let w be (5 - (-1 + 1))/1. What is r(w)?
11
Let k(g) = -g**3 + 20*g**2 + 20*g + 23. Let j be k(21). Suppose 5*f - f = 16. Let i(a) = 5 + 6*a**j + 11*a - 7*a**3 - 14*a**2 + 8*a**3 - f*a. What is i(7)?
5
Suppose -2*w = -5*h + 25, 0*w = -h + 4*w + 23. Let x(a) = a**2 - 4*a + 6. Calculate x(h).
3
Suppose 3*f = 227 - 236. Let p(q) = -4*q**2. Give p(f).
-36
Let x = 15 - 13. Let w be x/(-9) - 260/45. Let c(k) = -19 - 3*k + k + 0*k + 12. What is c(w)?
5
Suppose t = 5*l - 30, 0*l = 3*t - l + 20. Let f(h) = -h**3 - 9*h**2 + 12*h. Let r(c) = -c**3 - 10*c**2 + 13*c - 1. Let k(q) = 6*f(q) - 5*r(q). Give k(t).
-5
Let x be -4*(3 + 45/(-12)). Suppose -3 - 5 = 4*c. Let v(p) = -3*p - 5. Let d(q) = 3*q + 6. Let f(j) = c*d(j) - 3*v(j). Determine f(x).
12
Let w(l) = -l**3 + 7*l**2 + 8*l - 1. Let t be 21/(-35) - 4/40*-86. Determine w(t).
-1
Let w(a) be the third derivative of -a**5/60 + a**4/24 + a**3/6 + 9*a**2. Let f(t) = -6*t**2 + 7*t + 6. Let x(q) = -f(q) + 5*w(q). Give x(3).
2
Suppose p + 2*p + 9 = 0. Let b(c) = c + 3. Let f(y) = 2*y + 5. Let k(m) = -3*b(m) + 2*f(m). Calculate k(p).
-2
Let l be 2/(-16)*-2*(74 + 6). Let p(g) = -g + 38. Calculate p(l).
18
Let l(k) = -k**2 + k + 1. Let t(a) = 2*a**2 - 13*a + 23. Let d(n) = -l(n) - t(n). What is d(10)?
-4
Let j(g) = 25*g - 3. Let u(w) = -13*w - 51. Let i be u(-4). What is j(i)?
22
Let w(f) = 2*f**2 - 5*f + 4. Let p = -5 + -52. Let m = p + 60. Determine w(m).
7
Let s(k) = 16 - 16 - 5*k. Suppose 3*n + 3 + 4 = p, -4 = -4*p. Calculate s(n).
10
Let d(m) = -3*m**2 - 16*m + 3 - 2*m**2 + 4*m**2 - 13*m + 25*m. What is d(-4)?
3
Let l(c) = -c**2 - 17*c - 30. Let m(o) = o**2 - 9*o - 1. Let y be m(7). Give l(y).
0
Let j(v) be the third derivative of -7*v**6/120 + v**5/60 + v**4/12 + v**3/6 - v**2. Let f(i) = -4*i**3 - 68*i**2 - 13*i - 222. Let l be f(-17). Give j(l).
7
Let x(a) = -a + 1. Let k(s) = s**3 - 5*s**2 + s + 3. Let u(y) = 2*y**3 - 10*y**2 + y + 6. Let m(i) = 5*k(i) - 3*u(i). Let f be m(5). Give x(f).
-6
Let l(f) = 16*f + f - 13*f - 7. What is l(4)?
9
Let r(c) = -3*c + 27 + 4*c - 62 + 31 + 7*c**2 + c**3. Determine r(-3).
29
Suppose -25*q - 78 = -24*q. Let n = -70 - q. Let u(a) = -a**2 + 8*a. What is u(n)?
0
Let i be (-104)/24 + (-8)/12. Let t(q) = -q**2 - 4*q - 4. Calculate t(i).
-9
Let k(u) = 7*u**3 + 6*u**3 - 16*u**3 + 2*u**3 - 1. Give k(2).
-9
Let j(a) be the first derivative of -a**3/3 - 9*a**2/2 - 4*a + 4. Let b(g) = 6*g - 93. Let m be b(14). What is j(m)?
-4
Let r(h) = -h**2 - 10*h + 3. Let b(f) = 3*f**2 + 29*f - 9. Let k(y) = 6*b(y) + 17*r(y). Suppose 219*z = 215*z - 16. Give k(z).
-3
Let u(d) be the first derivative of d**3/3 - 7*d**2/2 + d + 470. What is u(7)?
1
Suppose -6 = l - 4*l. Let i(h) = 9*h**3 + 3*h**2 - 16*h - 3. Let p(y) = -14*y**3 - 5*y**2 + 25*y + 5. Let u(c) = -8*i(c) - 5*p(c). Determine u(l).
-7
Let l(m) = -20*m**2 - 6 + m**3 + 11*m**2 + 7*m + 4*m**2. Let v be ((-6)/18)/((-1)/6). Suppose v*p = -0*w - w - 6, -3*w = -3*p - 27. Determine l(w).
6
Let n(a) be the second derivative of -a**4/12 + 7*a**3/6 - 5*a**2/2 - 2*a. Suppose 0 = -2*l - 4, 5*y = l - 1609 + 1641. Calculate n(y).
1
Let d be (2/(-3))/((-17)/153). Let z be (1 - 1)/(d - 9). Suppose z*a = a - 1. Let m(u) = -5*u**2 + 1. Calculate m(a).
-4
Let g(w) = 2*w + 2*w - 14 - w - w. Let a(u) = u - 5. Let l(r) = 14*a(r) - 5*g(r). Suppose 0 = 3*b - 4 + 10. Calculate l(b).
-8
Let j(n) = -5867*n**3 + 3*n**2 + 5866*n**3 - 2*n**2 - n + 1 + 2 - 36. Calculate j(0).
-33
Let u(i) = 5 - 13*i**2 + i - 11 + 1 + 4. Suppose 0 = -2*b - b - 5*l - 17, -3*l = 12. Calculate u(b).
-13
Let m(q) = q**3 - 4*q**2 - 3*q + 3. Let o be -2*(-3)/12*(0 + 2). Suppose 0 = 4*u - 21 + o. Give m(u).
13
Let x(v) = 3*v**2 + 3*v + 1. Let y(i) = -4*i**2 - 4*i - 2. Suppose k + 12 = 5*k. Let j(p) = k*x(p) + 2*y(p). Let r(h) = -h - 5. Let q be r(-6). Determine j(q).
1
Let v(l) = 4*l + 14. Let p(d) = d + 3. Let q(u) = -26*p(u) + 6*v(u). Calculate q(-5).
16
Let c(q) = -q**3 - q**2 - q - 1. Suppose 3 = -k - 2*k. Let r(i) = 3*i**3 - 3*i**2 + 10. Let s(x) = k*r(x) - 4*c(x). Suppose -8*v = 49 - 1. What is s(v)?
6
Let c = -261 + 257. Let j(q) = 3*q - 5*q**2 - q**3 - 7*q + 1 + 0*q**2 + 2*q. Give j(c).
-7
Let c be ((-112)/140)/(2/10). Let y(l) = 5*l**3 - 2*l**2 - l - 4. Let q(v) = -10*v**3 + 3*v**2 + 2*v + 7. Let w(b) = c*q(b) - 7*y(b). Calculate w(1).
6
Let b(u) be the first derivative of u**2/2 - 4*u - 532. Let i be (0*2/4)/(-1). Give b(i).
-4
Let f(z) be the first derivative of z**4/24 - z**3/6 + z**2/2 - 1. Let n(q) be the second derivative of f(q). Let d = -3786 + 3792. Give n(d).
5
Let g(v) = 2*v + 4. Let j be (6/9)/(32/144). Give g(j).
10
Let o = -184 + 187. Let b(n) = n**2 - 6*n + 1. Determine b(o).
-8
Suppose -v = 4*v + 5, 0 = 2*f - 4*v - 14. Suppose b = 3, m = 2*m - 3*b + f. Let u(h) = 3*h - h**2 - m + 0*h**2 - 3*h. Give u(0).
-4
Let g(p) be the third derivative of -1/8*p**4 - p**2 + 0 + 0*p + 5/6*p**3. Let o(h) = h**3 + 11*h**2 - 14*h - 20. Let t be o(-12). Give g(t).
-7
Let c(z) = z**2 + 16*z + 20. Let a be 4*15/(-40)*(-30)/(-3). Calculate c(a).
5
Let l = -387 - -391. Let c(g) be the first derivative of l - 1/2*g**2 + 11*g. Determine c(5).
6
Let m(b) = -b**2 - 27*b - 32. Let h be 72 + -74 + (-2 - -3 - 24). What is m(h)?
18
Let a be ((-32)/20 - -2)*15. Suppose 3 = 3*d - a. Let w(x) = -25*x + 17*x + 2*x**2 - 1 + 11*x - d*x**2. Give w(2).
1
Suppose 5*h - 19 = -3*u, -4*u + 0*u = -4*h - 4. Let i(g) = 2*g - 12 + h + 7. Give i(3).
3
Suppose -5*b + 5 = 5*s, -3*b + 1 = 5*s - 10. Let u be -1*(4/(-4) + -2). Let p(n) = u*n**2 - s*n**2 - 25*n + 4 + 24*n. Give p(3).
-8
Let b(r) = 4*r**2 - r - 2. Let a = -183 + 181. What is b(a)?
16
Let z(o) be the first der